ided by b(4)?
4
Let m(k) = -4*k + 1. Let z be m(-3). Let q = 10 + z. Suppose 0 = 5*u - q - 27. What is the remainder when 28 is divided by u?
8
Suppose -3*s - 60 = -9*s. Calculate the remainder when 38*((0 - 1) + 2) is divided by s.
8
Let z = -32 + 12. Suppose 2*y - 21 + 7 = 0. Calculate the remainder when (-90)/(-8) - (-5)/z is divided by y.
4
Let b(c) = -c - 8. Let y be b(-11). Suppose -3*g - y*x + 92 = g, 0 = 2*g + x - 44. Calculate the remainder when 59 is divided by g.
19
Suppose -72 = -4*p - 5*o + 3*o, -o - 15 = -p. Suppose 5*c + 5*d - 27 = 723, 3*d + 6 = 0. What is the remainder when c is divided by p?
16
Let c be (-2)/5 - (-21)/15. Let a = 1 + 18. Calculate the remainder when a is divided by (8/(-12))/(c/(-15)).
9
Let r be (1 - 2)/(8/96*-4). Suppose 51 = 5*i - 2*t - 44, r*i = 2*t + 61. Calculate the remainder when i is divided by (-2)/(1 - 22/18).
8
Let v be 2 - (15 + (1 - 2)). Let n(u) = -u**3 - 12*u**2 + 29*u + 31. Let y be n(-14). Let a = y + v. Calculate the remainder when 12 is divided by a.
2
Let d(n) = 22*n**2 + 2*n + 20. Calculate the remainder when d(-2) is divided by 7.
6
Let p(t) = 88*t**2 - 1. Suppose 4*c = -5*g + 7, -3*g - 6 = 4*c - 5*c. Calculate the remainder when p(g) is divided by 18.
15
Let h(g) = g**2 + 2*g - 3. Let n be h(-4). What is the remainder when 2/(2 + (-8)/n) is divided by 4?
1
Let s(a) = 8*a - 18. What is the remainder when 40 is divided by s(3)?
4
Let w(g) = g**2 + 7*g - 16. Let s = -5 - -18. What is the remainder when s is divided by w(-9)?
1
Suppose -5*a - 90 = -3*a. Let q be 10/a + (-4)/(-18). What is the remainder when 42 is divided by (-4 - -8) + q - -18?
20
Suppose -23*f + 26*f - 57 = 0. What is the remainder when 4 + (-4)/((-4)/f) is divided by 8?
7
Let a(y) = y**3 - 5*y**2 - 7*y + 9. Let w = -12 - -4. Let l = 21 + w. Calculate the remainder when l is divided by a(6).
1
Let f = 79 + -72. Suppose -7*z + 176 = z. Calculate the remainder when z is divided by f.
1
Let c(m) = 15*m**2 - 2*m - 3. Let b = 147 + -136. Calculate the remainder when c(-2) is divided by b.
6
Let g(f) = f - 3. Let p be ((-36)/(-10))/(2/15). Suppose 3*k - 5 = -h, 71 = 5*h - 4*k + p. What is the remainder when g(h) is divided by 3?
2
Suppose 0 = 11*r - 12*r + 3. Suppose r*n - n + 3*x = 0, -4*n - 5*x + 2 = 0. What is the remainder when 6 is divided by n?
0
Let v be (6 - 5)/((-1)/(-1)). Calculate the remainder when 49 is divided by v*(-1 + 0 + 14).
10
Suppose 3*g = p - 3, 3*p - 4*p - g + 3 = 0. Suppose -a + 4*a - 117 = -2*c, 0 = p*c. What is the remainder when a is divided by 14?
11
Let c(h) = 1604*h + 2 + 9 - 1607*h. Calculate the remainder when 54 is divided by c(2).
4
Suppose 2*x + 68 = 2*b - 0*b, -3*x - 102 = -2*b. Let g = 43 + x. What is the remainder when 25 is divided by g?
7
Suppose -52*y = 50*y - 84*y - 4086. Suppose -5*f + f + 228 = 0. What is the remainder when y is divided by f?
56
Let r(n) = 227*n**2 + 2*n - 1. Calculate the remainder when r(1) is divided by 58.
54
Suppose -2*r - 4*a + 28 = 0, -a + 6 = 1. Calculate the remainder when 21 is divided by (4/(-6))/(r/(-78)).
8
Let g = -7 - 4. Let h = 11 + 29. Let s = g + h. What is the remainder when s is divided by 16?
13
Let t be 6/(-4)*256/(-12). Let h = -6 + t. Calculate the remainder when h is divided by 6.
2
Let g(k) be the third derivative of k**4/4 - 2*k**3 + 4*k**2. Calculate the remainder when g(12) is divided by 16.
12
Suppose -57*s + 2137 - 142 = 0. What is the remainder when 93 is divided by s?
23
Suppose -112 = -0*p + 4*p. Let k = p + 81. Calculate the remainder when k is divided by 20.
13
Let b = 7 + 6. What is the remainder when (4 - 11)*((-1)/(-3) - (-340)/(-30)) is divided by b?
12
Suppose -22*g = -12*g - 40. Calculate the remainder when 174 is divided by g.
2
Suppose 38*w - 46*w = -912. Calculate the remainder when w is divided by 32.
18
Let s be 113/8*2 - 10/40. Suppose 3*u = -2*u + 190. Let j = u - s. What is the remainder when 29 is divided by j?
9
Let w(z) = -z**3 - 6*z**2 + 9*z - 20. What is the remainder when w(-10) is divided by 50?
40
Let v be 7/3 - (3 + -5)/(-6). Calculate the remainder when 42 is divided by (46/(-2 + 3))/(v/1).
19
Let x = -5 + 1. What is the remainder when 76 is divided by 13*-2*x/4?
24
Suppose 7*q + 14 + 0 = 0. Let y be q/1 + 16/4. Suppose -60 = -4*p - 4*l, -y*l = -5*p + 3*l + 45. Calculate the remainder when 57 is divided by p.
9
Let t = -47 + 41. What is the remainder when 42 is divided by (t + 15)/((-2)/(-2))?
6
Let j = -2590 - -2629. What is the remainder when 156 is divided by j?
0
Let c(w) = -w**3 + w**2 + w + 1. Let k(r) = 5*r**3 - 24*r**2 - 3*r - 51. Let q(f) = -4*c(f) - k(f). Calculate the remainder when 132 is divided by q(20).
24
Let p(w) = 3*w + 38. Suppose -48 = -2*x + 6*x. Calculate the remainder when p(x) is divided by (2 - 0)/(6/3).
0
Let o(c) = 2*c**3 - 5*c**2 - 5*c - 15. Calculate the remainder when o(6) is divided by 10.
7
Let b(o) be the first derivative of o**2 - 5*o - 2. Let m = -15 + 40. What is the remainder when m is divided by b(6)?
4
Let d be 3*-21*(-4)/12. Let h = 21 - d. Let v(l) = -2*l + 24. What is the remainder when 67 is divided by v(h)?
19
Let x(i) = 2*i + 16 + 23 - 41 + 19*i**2. Calculate the remainder when x(-1) is divided by (6*1)/(3/4).
7
Let x(w) = -6*w**2 + 5*w - 1 - 2 - w**3 - 6. Let q be ((-28)/(-12))/(4/(-12)). Calculate the remainder when 13 is divided by x(q).
3
Suppose -h + 3*d = -0*h + 73, -5*h = 3*d + 275. Let l be 1/(-2) + h/4. What is the remainder when 2 - -2 - 3 - l is divided by 6?
4
Let b = 18 + -17. Calculate the remainder when 93 is divided by (b*9/(-2))/(12/(-64)).
21
Suppose -305*n = -315*n + 80. Let a = -40 + 78. Calculate the remainder when a is divided by n.
6
Let a = 39 + -41. Calculate the remainder when a*(-236)/(-16)*-2 is divided by 15.
14
Suppose -5*d = 0, -4*j + 19 = d + 3. Suppose -w + 26 = j. Let a = 94 - 53. Calculate the remainder when a is divided by w.
19
Let z(w) = -6*w - 13. Let k be 5 - (-1 - (0 - 2)). Suppose 107 = k*f + 19. Calculate the remainder when z(-9) is divided by f.
19
Let q(t) be the third derivative of t**5/30 - 7*t**4/24 + t**3/6 + 10*t**2. Let m(g) = 4*g + 1. Let v be m(1). What is the remainder when 31 is divided by q(v)?
15
Let t(i) = i**3 + 14*i**2 - 19*i - 4. Let n be t(-15). Suppose -n = 43*j - 47*j. What is the remainder when 179 is divided by j?
11
Let r(z) = 7*z**2 - 4*z + 4. Suppose 0 = k + 17 - 31. Calculate the remainder when k is divided by r(1).
0
Let b = -4 - -8. Suppose s = -b*s + 490. Suppose 17*w + s = 19*w. What is the remainder when w is divided by 17?
15
Suppose 5*r + 2 - 17 = 0. Calculate the remainder when 21 is divided by -12*(r - (-44)/(-12)).
5
Let r = 0 - -1. Let x be -5*(r + -2 - 3). Calculate the remainder when (1 - 2) + x + 0 is divided by 10.
9
Let t(x) = -97*x**2 + 1. Let w be t(-1). Let o = -250 + 396. Let q = w + o. Calculate the remainder when q is divided by 13.
11
Suppose -h - 2*o - 32 = h, -2*h = -o + 20. Let v(j) = j**3 + 13*j**2 + 11*j - 14. Let q be v(h). What is the remainder when 29 is divided by (q/6)/(1/(-30))?
9
Let b = 33 - 25. Let v(x) = x**2 - 3*x + 1. Calculate the remainder when v(6) is divided by b.
3
What is the remainder when 298 is divided by 12 - (25/5)/(-5)?
12
Let w = 250 - 372. Let c = -57 - w. Calculate the remainder when c is divided by 17.
14
Suppose -5*r = -14 - 6. Suppose 0 = r*c - c + 36. What is the remainder when 39 is divided by -3*(20/c + -1)?
7
Let k = -13 - -13. Suppose 4*t + j - 32 = k, -3*j - 6 = t - 14. Calculate the remainder when 29 is divided by t.
5
Let n = 358 + -215. Calculate the remainder when n is divided by 45.
8
Suppose w - 29 = 2*f, 4*f + 1 = -w + 6. Calculate the remainder when w is divided by (2/4)/(4/88).
10
Suppose i - 5*i - 3*d = 0, 0 = -2*i + 5*d + 26. Let y(o) = -o**2 - 8*o - 2. Let g be y(-4). Let n = -10 + g. What is the remainder when n is divided by i?
1
Calculate the remainder when 16 is divided by 4 + 5*4/(-20).
1
Let u = -8 + 56. Suppose -3 = -3*o + 3*f + u, o = 3*f + 9. Calculate the remainder when (-182)/(-6)*441/343 is divided by o.
18
Let c(b) = 31*b**2 - 23*b - 59. What is the remainder when c(-3) is divided by 153?
136
Let n(g) = -15*g - 4. Let i = 13 + -7. Let s(k) = 2*k**2 - 8*k + 9. Calculate the remainder when n(-9) is divided